sands digit of d?
1
Suppose 0 = -14*g - 1151 + 72439. What is the hundreds digit of g?
0
Let t(w) = -w**2 + w - 2. Let v be t(-6). Let y = -44 - v. Suppose y*j - 368 = -8*j. What is the tens digit of j?
4
Let x be 3*((6 - 3) + (-4)/3). Let o(w) = 16*w**2 - 5*w + 2. What is the tens digit of o(x)?
7
Suppose -4*u - 2*m + 24 = 0, 0*m = -2*m + 8. Suppose 0 = -u*a - 1 - 23. What is the tens digit of 2 + (7360/24 - 2/a)?
0
Let c be 2/(-4)*(22 - 1814). Suppose 2*o - 188 = -2*a + c, -5*o = -2*a + 1084. Suppose -4*g = -2*f - a, 0*f + 3*f - 132 = -g. What is the units digit of g?
5
Suppose 6*l + 7 = 7*l. Suppose -1 = -l*k + 6*k. Suppose w - 159 = -k. What is the hundreds digit of w?
1
Let z be ((2268/(-16))/(-9))/(6/32). Let t = z + -43. Let p = 73 - t. What is the tens digit of p?
3
Let c = -2728 + 4201. What is the hundreds digit of c?
4
Suppose -50 = -4*t - 6*t. Suppose 5*f = 20, 4*o - t*f + 2*f + 4 = 0. Suppose 53 - 9 = o*k. What is the units digit of k?
2
Let t(c) = -21 - 8*c - 12*c + 9*c + 72 - 5*c. What is the units digit of t(-11)?
7
Suppose 56*b - 1998660 = 9*b + 17*b. What is the hundreds digit of b?
6
Let p(b) = 56*b**2 + 367*b + 2. What is the hundreds digit of p(-12)?
6
Suppose -347*f - 65*f + 18173685 = 343149. What is the units digit of f?
8
Suppose 68299*v - 68320*v + 1434972 = 0. What is the ten thousands digit of v?
6
Let y = -72064 - -144503. What is the ten thousands digit of y?
7
Let y be (-2 + -1)*26/3. Let z be (3/(30/(-58)))/(76/380). Let m = y - z. What is the units digit of m?
3
What is the hundreds digit of (-8 - -2) + (-76)/95*56145/(-6)?
4
Let o = -86 - -89. Suppose 10*p = 5*p + 5*t + 895, o*t = -4*p + 716. What is the tens digit of p?
7
Let x(z) = -2*z**3 - 41*z**2 - 49*z + 179. What is the tens digit of x(-24)?
8
Let z(v) = -7*v + 1. Let g(k) = 11*k - 27. Let q(a) = -g(a) - 5*z(a). Let s = 6 + 0. What is the hundreds digit of q(s)?
1
Let t(q) = q**2 - 10*q - 2. Let s be t(10). Let k be (4 + -4)/(s + 3). Suppose f - 2*f + 12 = k. What is the tens digit of f?
1
Suppose -9709*x + 129360 = -9698*x. What is the ten thousands digit of x?
1
Let h(v) = -5162*v - 1047. What is the units digit of h(-6)?
5
Suppose -6122 = -3*t + 2650. What is the tens digit of t?
2
Suppose 16 = 5*r + 5*s - 4, -3*s = 5*r - 14. What is the tens digit of (-2 + -4)*r - -249?
4
What is the units digit of (-348)/232*(-17744)/6?
6
Suppose -4 + 23 = 3*k - 5*l, -2*k + 3*l = -12. Suppose -k*v = 3*s + 247 - 1132, 0 = 2*s + 3*v - 587. Let t = s + -138. What is the units digit of t?
0
Let i(x) = -249*x**2 - 11*x + 34. Let k be i(3). Let t = 3199 + k. What is the units digit of t?
9
Let d = -11427 - -27709. What is the units digit of d?
2
Let w(i) = 210*i**3 + 14*i**2 + 43*i - 130. What is the units digit of w(5)?
5
Suppose 45032 = 4*n + 2*h, -904*h + 33787 = 3*n - 909*h. What is the hundreds digit of n?
2
Let t(n) = 4*n**2 - 4*n - 26. Suppose -4*y + 2*x = 18, 2*y + 2*x = -2*y - 38. Let j be t(y). Let o = j - 87. What is the tens digit of o?
1
Let y be (15 + -5)*(4 - 3). Suppose 9*m = y*m - 10. What is the units digit of ((-25)/m + 2)*142/(-1)?
1
Suppose r = -9 - 4. Let h = r - -17. What is the units digit of (-9 + -3)*(-17)/h?
1
Let i = 3943 - 2035. Let d = -1265 + i. What is the hundreds digit of d?
6
Let o = -3976 + 5905. Suppose -o = -5*n + 956. What is the units digit of n?
7
Suppose 2249148 = 227*y + 15*y. What is the hundreds digit of y?
2
Suppose -z - 45508 = -5*f, 0 = 5*f - 5*z - 66257 + 20757. What is the thousands digit of f?
9
What is the hundreds digit of 287188/(-88)*(2 + (2 - 6))?
5
Let i(w) = -1984*w + 1829. What is the ten thousands digit of i(-6)?
1
Let m = 2372 - 2258. Let d be 1/(-4) + 18/8. Suppose -5*v + o + 0*o + m = 0, d*v = 5*o + 41. What is the units digit of v?
3
Let w be (23/(-3) - -1)/(2/(-6)). Let q be 25/(-2)*48/w. Let v = 104 + q. What is the units digit of v?
4
Suppose -68*q + 184150 = -39*q. What is the thousands digit of q?
6
Let a = 2242 - 1314. Suppose 5*p - a = 37. What is the tens digit of p?
9
Suppose 0 = -311*i + 8091610 + 7451859. What is the ten thousands digit of i?
4
Suppose -4*p + 184 = 11*d - 6*d, -3*d - 4*p = -112. Suppose -d*t + 2724 = -33*t. What is the tens digit of t?
0
Suppose -3*t = -4*q - 12616, -3*q + 1168 = t - 3046. What is the tens digit of t?
0
Suppose -40*j = -42*j + 1964. Suppose -2*n + j = 5*i - 660, 0 = i + 2*n - 330. What is the hundreds digit of i?
3
Let m(h) = -156*h + 646. Let x(j) = -52*j + 215. Let g(k) = -2*m(k) + 7*x(k). What is the tens digit of g(-7)?
7
What is the units digit of (6/4)/((-140422)/(-17552) - 8)?
8
Let j(s) = -2*s - 22. Let c be j(-13). Suppose -c = 4*o, -2*h + 8*o = 3*o - 1. What is the units digit of h/(-7) + 0 + 124/7?
8
Let l = 4101 - 2487. What is the thousands digit of l?
1
Suppose 0 = 4*d - 4*z + 324, -174 = -d + 3*d + 4*z. Suppose -64 = 2*x - 5*v, -2*v = 3*v. Let p = x - d. What is the units digit of p?
1
What is the thousands digit of 590/40*394 + (-3)/(-6)?
5
Suppose 5*h - 22 = -2. What is the tens digit of -1*(-3)/(-12) + 1669/h?
1
Let i(y) = 192*y + 1024. What is the tens digit of i(6)?
7
Let l(q) = q**3 + q - 1. Let d(g) = 4*g**3 + g**2 + 5*g + 6. Let h(a) = -d(a) + 5*l(a). Let s = 814 - 809. What is the tens digit of h(s)?
8
Suppose 5*y + 397 = 2667. What is the hundreds digit of y?
4
Let q(i) = 187*i + 393. What is the thousands digit of q(181)?
4
Let k(d) = d**2 - 40*d + 228. Let r be k(24). Let b = 654 + r. What is the units digit of b?
8
Let l(d) = d**2 - 5*d. Let v be l(5). Suppose v*c + c - 1 = 0. What is the units digit of (c + -35)/(2 + -4)?
7
Let b(z) = 4 - 9 - 7*z + 0 + 2*z. Let u be b(-2). Suppose 0 = u*f + 3*l - 8 - 553, -4*f + 454 = 5*l. What is the units digit of f?
1
Let x be (-3)/(-9) - 68/6. Let g be x/(-99) + 773/9. Let y = g + -22. What is the tens digit of y?
6
Let s be (-22)/16 - -1 - 951192/(-2112). Let k = 6 + 5. Suppose k*d - d = s. What is the units digit of d?
5
Suppose 14*a = 9*a - 2*v + 13939, 3*a = 5*v + 8382. Suppose -4*z + 5*w + 2025 = -a, -w + 2 = 0. What is the thousands digit of z?
1
Let x = -1840 - -3616. Suppose 0 = 11*n - 7*n - x. What is the hundreds digit of n?
4
Suppose -15791 - 16329 = -4*c + 5*x, 8027 = c - 2*x. What is the units digit of c?
5
Let p(o) be the second derivative of -o**4/12 + 7*o**3/6 + 21*o**2/2 - 6*o. Let i be p(9). Suppose -i*g + 455 = 4*g. What is the tens digit of g?
6
Let p(y) = 673*y**2 + 2*y - 1. Let r be p(1). Suppose 5*s - r = 46. What is the tens digit of 5/1*s/10?
7
Suppose -8*z + 3*z + 72 = -3*j, 76 = 5*z - 4*j. What is the units digit of 32*19 + z/6?
0
Suppose 3*c - 2*b = 6*c - 66897, -2*c = -4*b - 44582. What is the thousands digit of c?
2
Let v be ((-27)/18)/((-1)/(-86)*-1). Suppose -2*i - y + v = -326, 0 = i + 4*y - 224. What is the units digit of i?
8
Suppose 0 = -153*p + 128*p - 25. What is the units digit of (-238 - -279)*(-2)/(-3 - p)?
1
Let k = -114 + 146. Suppose -4*s = -4*w - k, -5*s + 3*w - 4 = -52. What is the hundreds digit of 2127/s - 18/(-24)?
1
Let k = -901 + 895. What is the hundreds digit of 14*((k - 2) + 95)?
2
What is the tens digit of ((-9500)/(-75))/(4/(-144)*-1)?
6
Suppose 37*u + 85*u - 10989310 = -387*u. What is the units digit of u?
0
Let s(q) = 41*q**2 - 56*q - 12. Let v be s(14). What is the hundreds digit of -3*(v/(-24) + -1)?
9
Let r be 11/(-4) + 3 + 22/8. Suppose 4*s = -t - t - 4, r*s - 24 = 3*t. What is the units digit of -168*(-7 - t)*2/4?
4
Suppose 0*r + 18 = -6*r. What is the tens digit of (-1675)/(-30) - -2*r/(-36)?
5
Let g = 13 + -61. Suppose -4*u + 80 + 304 = 0. Let d = u + g. What is the units digit of d?
8
Let d(n) = -6*n - 50. Let l be d(-8). Let s(a) = 94*a**2 - a + 3. What is the units digit of s(l)?
1
Let l = 16 - 15. Let w be (-57)/(-4) + l/12*9. Let k(r) = -r**2 + 21*r + 16. What is the units digit of k(w)?
6
Let f be (2/(-6) + 52/(-24))*-2. Suppose f*a + 577 = g + 2*a, -a - 573 = -g. What is the hundreds digit of g?
5
Suppose 8*v = -5*v + 20584 + 16518. What is the units digit of v?
4
What is the ten thousands digit of (-7502)/(-6)*247/247*(50 + 1)?
6
Let k(b) = -5099 + 19*b + b**2 + 0*b**2 + 5179. What is the tens digit of k(-14)?
1
Let a = -68 - -74. Let y = -4 + a. Suppose y*k - g - 15 = 0, 4*k + 0*g + 2*g = 34. What is the units digit of k